i + y - 179, -5*i + y = 1992. Let g = i + 113. What is the remainder when (3 - g/(-20))/(1/(-4)) is divided by 25?
20
Suppose 28*l + 3*o = 31*l - 609, -3*l = -4*o - 604. Calculate the remainder when l is divided by 32.
16
Let h be 3 + -3 + (-20)/(-5). Suppose -4*s = -8, 0*s + 78 = h*r - 5*s. What is the remainder when 394 is divided by r?
20
Let v = 53 - 38. Let m be 14*4/10*250/(-4). Let p = -171 - m. What is the remainder when p is divided by v?
14
Let i = 19 - -5. Let w(f) be the second derivative of f**4/12 - 23*f**3/6 - 8*f**2 + 10*f + 5. Calculate the remainder when 71 is divided by w(i).
7
Suppose a = -4*a + 85. Let c be -5*1/(-10)*2. Calculate the remainder when (-2 - 35/(-14))*122/c is divided by a.
10
Calculate the remainder when 2991 is divided by (-32)/(-24)*(-55)/(-60)*153.
186
Suppose -2*z + 183 = -3*g + 597, 2*g + 5*z - 295 = 0. Calculate the remainder when g is divided by (11/2)/(8/16).
8
Calculate the remainder when 504 is divided by (6 + -7)*-64 - 13.
45
Let b(f) = 5*f - 80. Let c be b(5). Let g = -31 - c. Let o = 58 + 0. Calculate the remainder when o is divided by g.
10
Let f(i) = 2*i**2 - 2*i + 3. What is the remainder when 1631 is divided by f(-4)?
40
Let o(n) be the second derivative of n**5/20 - n**4/4 + n**3/3 + 23*n**2 - 40*n. Calculate the remainder when o(0) is divided by 29.
17
Suppose 21 = 3*p - 0. Calculate the remainder when 592 is divided by (-1)/p - (-31)/((-2387)/(-1320)).
14
Let h(g) = -3*g**3 - 13*g**2 + 27*g - 27. Calculate the remainder when h(-7) is divided by 43.
4
Let h(c) = 13*c + 9. Let x be h(2). Suppose -2*o - 4*i = -133 + x, o = -3*i + 50. What is the remainder when 91 is divided by o?
44
Suppose 11*s - 457 = 368. What is the remainder when s is divided by (-1 - -6)*1 - (-13 + 4)?
5
Let s be (-2608)/(-14) - (36/28 + -1). Let n = 401 - s. What is the remainder when n is divided by 12?
11
Suppose 2*h - 160 = 2*k, 0 = -2*h - 0*k - 5*k + 139. Let q be (24/(-9) - -2)*27/18. Let c = 24 + q. What is the remainder when h is divided by c?
8
Let u(d) = d**3 - 12*d**2 - 5*d + 12. Let k be u(12). Let y = 65 + k. Suppose -65 = -8*s - y. What is the remainder when s is divided by 3?
0
Suppose 5748 = 3*g - i, 3*g + 2607 = -3*i + 8379. Calculate the remainder when g is divided by 26.
20
Suppose 234*w - 33911 = 36991. Calculate the remainder when w is divided by 102.
99
Let x(a) = a**3 + 18*a**2 + 22*a - 31. Let n be 45/(-3) + (12 - 13). Calculate the remainder when x(n) is divided by 26.
25
Let j = -479 + 695. Let t = -163 + j. What is the remainder when t is divided by 25?
3
Suppose 4*g - 5683 = -110*w + 115*w, -w = 3*g - 4248. What is the remainder when g is divided by 20?
17
Let c(j) = 3*j**3 - 23*j**2 + 35*j - 11. Calculate the remainder when 72 is divided by c(6).
15
Let r(i) = 3*i + 42. Let p(t) = t**3 - 17*t**2 + 15*t + 5. Let y be p(16). What is the remainder when r(y) is divided by 3?
0
Suppose -2*a + 150*s = 147*s - 9598, -2*s = 0. Calculate the remainder when a is divided by 4.
3
Suppose -21*u = 15*u - 1980. Suppose 0 = 4*t + u - 115. Suppose -7*j + 3*j = n - 74, -4*n - 27 = -j. What is the remainder when j is divided by t?
4
Let x(c) = 5*c - 6 + 0 + 13*c - 1. What is the remainder when x(1) is divided by 6?
5
Let r be 2*2/2 - 4. Let k be ((1 + -1)/(r/(-1)))/(-2). Suppose w - 5*w + 772 = k. What is the remainder when w is divided by 28?
25
Let m = -11964 - -12127. What is the remainder when 2276 is divided by m?
157
Let g = -30 - -93. Let v = -130 - -120. Calculate the remainder when g is divided by 136/6*(0 - 15/v).
29
Let y = -460 + 213. Let i = -218 - y. Suppose 5*l - 3*j - 354 = 352, 0 = 5*l - j - 712. Calculate the remainder when l is divided by i.
27
Suppose -3*q - 2*g = -198, -3*q + 137 = 4*g - 67. Calculate the remainder when 3196 is divided by q.
60
Let w(c) = 2*c - 8. Let j be w(20). Let a = j - 11. Suppose -5*g = 3*m - a, g = 5*m - 61 - 2. Calculate the remainder when 30 is divided by m.
6
Let t(i) = -2*i**2 - 6*i + 31. Let w be t(3). What is the remainder when 48 is divided by (102/42)/(w/(-35))?
14
Suppose 4*a = -4*k + 296, 3*a + 192 = 4*k - k. What is the remainder when ((-6)/9)/((-18)/27) + k is divided by 141/12 + 4/16?
10
Suppose 0 = -8*y + 119 - 343. Let f = y - -36. What is the remainder when 11 is divided by f?
3
Let x = 8999 + -8987. What is the remainder when 842 is divided by x?
2
Let p = 73 + -56. Let c(b) = 2*b**2 - 4*b + 3. Let s = 39 + -36. What is the remainder when p is divided by c(s)?
8
Calculate the remainder when 343 is divided by 248/3100 - (-4496)/50.
73
Suppose 5 - 17 = -q + 3*l, 0 = -4*q + 5*l + 34. Let v(w) = 2*w**3 - 3*w**2 + 2*w**2 - w + 10*w**3 - q*w**3. What is the remainder when v(2) is divided by 9?
6
Suppose -2*d + 9*x = 8*x + 3, -d = 4*x - 12. Suppose -5*w + 5*n + 290 = d, -2*n + 297 = -3*w + 8*w. What is the remainder when w is divided by 4?
3
Let c(k) be the second derivative of -34*k + 3*k**3 - 19*k**2 - 3*k**3 - 3*k**3 - 2*k**3. Calculate the remainder when c(-5) is divided by 29.
25
Let p = 1242 - 1229. Suppose 65 = -p*z + 1027. Let g(x) = x**3 + 22. Calculate the remainder when z is divided by g(0).
8
Let p be -4 + 6 + 1*-2. Let m be (-2)/4*1*p. Suppose 3*s - 6*s = -3*h - 36, -5*h + 5 = m. Calculate the remainder when 24 is divided by s.
11
Suppose -3*m = -3*b - 6, -6*b = 4*m - 8*b - 4. Suppose 19*y + 19*y - 5130 = m. Calculate the remainder when y is divided by 48.
39
Let l(u) = -u**2 - 51*u - 246. Suppose -24 = -9*x - 429. What is the remainder when 53 is divided by l(x)?
5
Let h(s) be the first derivative of 5*s**3/3 - 3*s**2 + 5*s + 83. Calculate the remainder when h(4) is divided by 11.
6
Let n(g) = g**2 + 17*g + 38. Let m = 2 - 18. Let v be n(m). Let o = -13 + v. What is the remainder when o is divided by 2?
1
Let c = -466 + 831. Suppose -13*u = -18*u + c. Let t = u + 18. Calculate the remainder when t is divided by 24.
19
Suppose -183 = -17*n - 17*n + 21. What is the remainder when 3229 is divided by n?
1
Suppose -71 + 776 = 5*x. Let o = -65 - -90. Calculate the remainder when x is divided by o.
16
Suppose 4*v - m - 1191 = 617, m = 2*v - 904. What is the remainder when v is divided by 125?
77
Calculate the remainder when 281 is divided by 85/(2465/7308) - (2 - -1).
32
Suppose 15*c - 360 = 794 + 1141. Calculate the remainder when 467 is divided by c.
8
Let d = -2572 - -2575. What is the remainder when 191 is divided by d?
2
Let r(b) = b**3 + 7*b**2 + 10*b. Let n be r(-3). What is the remainder when 36 is divided by (n - 3/3) + -1?
0
Let o(r) = 2*r**2 + 115*r + 443. Suppose -264 = -18*g + 12*g. What is the remainder when g is divided by o(-4)?
14
What is the remainder when 87 is divided by 6/10*(104 + 76)*(-6)/(-8)?
6
Let d(n) = 91*n**3 - 2*n**2 + 1. Let b = 407 - 398. Suppose 3*a - 45 = -3*c, 2*a = c - 0*a - b. Calculate the remainder when d(1) is divided by c.
12
Suppose -630*i - 152*i + 25024 = 0. Suppose -2*s - s = 3*u - 462, 2*s = -4. What is the remainder when u is divided by i?
28
Suppose 92*g - 35053 = -1. Calculate the remainder when g is divided by 57.
39
Suppose -620*o + 25844 = 4*w - 617*o, 25840 = 4*w + 4*o. Calculate the remainder when w is divided by 106.
104
Suppose -3*t - 1 - 11 = -5*g, g - 4*t - 16 = 0. Suppose d = i - 4*i + 31, -2*d - i + 42 = g. Calculate the remainder when 56 is divided by d.
18
Suppose -2*q = 5*y - 56, 132*q + 3*y = 135*q - 21. What is the remainder when 2205 is divided by q?
8
Let w(t) = t**2 + 10*t - 2. Let a be w(-11). Suppose -3*x = a*x - 60. Suppose 46 = x*s - 609. Calculate the remainder when s is divided by 33.
32
Suppose 3*i + 3*b - 117 = 0, 3*b - 5*b = -5*i + 160. What is the remainder when 53 is divided by i?
19
What is the remainder when (-26)/(-1) + (-91)/(-13) is divided by -6*(2 + -2 - 3)?
15
Let p = -9125 + 9363. What is the remainder when p is divided by 9?
4
Suppose -5 = -m, 0*m + m = w + 2. Suppose -4*l + 12 = -4*u, 10 = 2*l + w*l. Calculate the remainder when 3146/26 + ((-2)/(-1) - u) is divided by 14.
12
Let x be (-200)/16*(3 - -43). Let k = 584 + x. Suppose 2*o = 4*v - 119 - 61, 3*o + 12 = 0. What is the remainder when v is divided by k?
7
Let j(a) = a**3 + 4*a**2 - 11*a - 62. What is the remainder when 1090 is divided by j(4)?
12
Let d(w) = -w**3 - 6*w**2 - 8*w + 4. Suppose -1124 =